{"id":57,"date":"2020-07-30T10:29:33","date_gmt":"2020-07-30T10:29:33","guid":{"rendered":"https:\/\/www.feriadeteatro.com\/catalogociascyl\/?page_id=57"},"modified":"2020-08-20T11:11:12","modified_gmt":"2020-08-20T11:11:12","slug":"home","status":"publish","type":"page","link":"https:\/\/www.feriadeteatro.com\/catalogociascyl\/","title":{"rendered":"Cat\u00e1logo de Compa\u00f1\u00edas de Teatro de Castilla y Le\u00f3n"},"content":{"rendered":"<p style=\"text-align: justify;\">Desde la Feria de Teatro de Castilla y Le\u00f3n queremos ampliar las herramientas a disposici\u00f3n de los gestores culturales y otros profesionales del sector profesional de las artes esc\u00e9nicas, habilitando este cat\u00e1logo de compa\u00f1\u00edas de Castilla y Le\u00f3n. Este cat\u00e1logo lo integran todas aquellas compa\u00f1\u00edas que as\u00ed lo han deseado y cumplen con unos principios m\u00ednimos de profesionalidad y actividad. El objetivo es poder recopilar y clasificar toda la oferta creativa que existe en las nueve provincias de Castilla y Le\u00f3n, como servicio que queremos prestar desde la Feria de Teatro incrementando las posibilidades de visibilidad y promoci\u00f3n para las compa\u00f1\u00edas de nuestra Comunidad.<\/p>\n<p style=\"text-align: justify;\">Este cat\u00e1logo nace con vocaci\u00f3n de permanencia, y ser\u00e1 revisado dos veces al a\u00f1o (en Enero y en Julio), momento en el cual se abrir\u00e1 una ventana para incorporar nuevas compa\u00f1\u00edas, renovar informaci\u00f3n en las ya presentes y retirar aquellas que no est\u00e9n cumpliendo sus fines profesionales.<\/p>\n<p style=\"text-align: justify;\">Para facilitar el conocimiento, el cat\u00e1logo est\u00e1 organizado por orden alfab\u00e9tico y articula un buscador muy variado, tanto por g\u00e9neros esc\u00e9nicos, p\u00fablicos, espacios de representaci\u00f3n y un diverso n\u00famero de etiquetas inspiradoras sobre el trabajo que desarrollan los creadores de nuestra comunidad. Del mismo modo, se han distinguido las compa\u00f1\u00edas de reciente creaci\u00f3n en Castilla y Le\u00f3n, aunque puedan tener amplia experiencia profesional en proyectos similares, de aquellas otras que acumulan m\u00e1s a\u00f1os de resistencia en el dif\u00edcil camino de desarrollar un proyecto empresarial y creativo ligado a las artes esc\u00e9nicas.<\/p>\n<p style=\"text-align: justify;\">Deseamos que pueda ser de utilidad y rogamos nos comuniquen cualquier observaci\u00f3n o sugerencia sobre el mismo.<\/p>\n<div class=\"pdf24Plugin-cp\"> \t<form name=\"pdf24Form0\" method=\"post\" action=\"https:\/\/doc2pdf.pdf24.org\/wordpress.php\" target=\"pdf24PopWin\" onsubmit=\"var pdf24Win = window.open('about:blank', 'pdf24PopWin', 'resizable=yes,scrollbars=yes,width=600,height=250,left='+(screen.width\/2-300)+',top='+(screen.height\/3-125)+''); pdf24Win.focus(); if(typeof pdf24OnCreatePDF === 'function'){void(pdf24OnCreatePDF(this,pdf24Win));}\"> \t\t<input type=\"hidden\" name=\"blogCharset\" value=\"Cw1x07UAAA==\" \/><input type=\"hidden\" name=\"blogPosts\" value=\"MwQA\" \/><input type=\"hidden\" name=\"blogUrl\" value=\"yygpKSi20tcvLy\/XS0stykxMSS1JTSwpytdLzs\/VT04sSczJT89PzkwsTq7MAQA=\" \/><input type=\"hidden\" name=\"blogName\" value=\"c04sObwwJz89XyElVcE5P7cg8fDGzMRiEC8kNbGkCCKeWFySmZOTqFCp4JN6eHMeAA==\" \/><input type=\"hidden\" name=\"blogValueEncoding\" value=\"gzdeflate base64\" \/><input type=\"hidden\" name=\"blogDocHeader\" value=\"AwA=\" \/><input type=\"hidden\" name=\"blogDocSize\" value=\"MzI0qDCyNAcA\" \/><input type=\"hidden\" name=\"blogDocOrientation\" value=\"K8gvKilKzCwBAA==\" \/><input type=\"hidden\" name=\"blogDocStyle\" value=\"AwA=\" \/><input type=\"hidden\" name=\"blogDocFilename\" value=\"AwA=\" \/><input type=\"hidden\" name=\"blogDocTpl\" value=\"hVLbbqMwEH1mpf7DLH2tS4jUVQUEabU\/0Jf9AAcmwZKxqZmmoSj\/vh7HaXOptCAwnplzzng4VUe9ru9+VB3K1q9JtZYjQudws0pn\/v7r9CGFLORIkcZ65lqtDB6q7BjhXI8koSMaBL6+qd0qbawhNCRoGjCFuFulhHvKWLWEppNuRFrN8SPoJEw20qQRGBkBzTimQeanEH5J1radHqBVuwegFmYOJRsvIUb1gQXk+UAlfEU3sld6KuC3U1LHRGO1dQXcL8JVgg+FOOuJFhvrJClroABjDZbJF9s7qm1HIeF6z8eZwxEtYy+R3MjdVP6f9sCvLo\/YUCm12poCGj8zdOV5kbw97nLhj3vdXwFrq9sz6DICe+m2yoi1JbJ9AU\/D\/qLoht+3mv\/6RgCuFR6DB266ez5hTxP\/s+D7c+JHLJ\/6skGyg1denLf3yP\/9RbpYeYyNOEg\/VOvOgvzM3jS8ESI4JwumYq9n0ewVs4Vcl9eVPLn+ZO\/g\/Au3y9pj84Dw1qvnaGqf4S0zR8YqOLz+Bw==\" \/><input type=\"hidden\" name=\"postId_0\" value=\"MzUHAA==\" \/><input type=\"hidden\" name=\"postTitle_0\" value=\"c04sObwwJz89XyElVcE5P7cg8fDGw2sTi0HckNTEkiKIRGJxSWZOTqJCpYJP6uHNeQA=\" \/><input type=\"hidden\" name=\"postLink_0\" value=\"yygpKSi20tcvLy\/XS0stykxMSS1JTSwpytdLzs\/VT04sSczJT89PzkwsTq7M0QcA\" \/><input type=\"hidden\" name=\"postAuthor_0\" value=\"SylxSCnJzEvLL8pNLMlMTtQDsQE=\" \/><input type=\"hidden\" name=\"postDateTime_0\" value=\"MzIwMtA1MNc1NlAwNLAyMLcyNgYA\" \/><input type=\"hidden\" name=\"postContent_0\" value=\"jVS7ct1GDO3zFRhX8cxN0seKG8spMilS5AfAJS4FDbmg98Ex\/TcqXajwpHPLH8vB8oqRFGXibpfEAjgP4GqmXNZRfnlV5GP5gUcd4s90W3PR8\/rm1dtryb3QyPSrJGXC+U\/hksxP7xhRI\/6t9Ltsf0X6UCXJZJl4mkflhHeZbiQlnlRiwQUZNM+WNag\/8NQIHyQXS5Ip1LHUxCOOKxnKZJqTnSWrxfa1l5GyBEQ\/\/tHyePZUECM5bJ+jBs4nuuFORy0ce8P3IhS4bHejDQ1AsGnm7ct2z\/klPD\/S+6dPRiONRYbEkYr1XhGQRy\/9OBW+Eeft3uNv2FFmYTSwAh+IkYjoSDU2dBqDzorjtN1HdfLQySNs2nOPlxyKLn5GUyNZdyu4OyaarZdESYLNOoJzVEFDegYBqXXp6iFdKkwhQTxduLUoH9XhoR0HEKssrfDiHb1MyMlhGgRICwS0luXQfIaABSX7\/3IM8iLSfeBqeE03gusDWE1bWvT4gJpoZrLdKDMnpuc84wG6zgW\/3tlUY6Pn6qf57XdX\/+PqZ7pGDtI0WSzw4cxZ0sRRnI0TugHq7Q48o0cXswfkRQL6hv\/QkdH3YPJ9lORC4\/hbHdVen2gyx2z+CeYNld3BxF1Sz1cjI41zwjtIsGRptgQmXZKnkE+oH23BP41nQ3t7sxcJV24iIFubnwSLeJrDoy5XbHOA+di9iLEEllwznTXKs2n7Ni7\/8K7P6MTnLDWMFiFbG3k7tQ8H0177jiwNHPWT0wikuPZAwOOZu+1z0eAEYpQV24BBEHU1B8QmmupKAK+4nAiUlf39ADjiu+Jh8g1EzdvXbtyPkme0t09WkgtFF+pWL9DrIinDB9vXSfbdBu5Al68sjXkGj6iPS7YuiUOC6Tq+3UcA5uWUDBzHts58yvq2zx45NBwOpWu8nzRjkiZzJLBDWxMYR41D1ct0PLM6JtwZlZb+0P3fI8o1elNzld7XlICayz7GxMPT2hz9ZH0iD66r71VAhHLYIwLiUPUwD7bxw2qDc6pjnba73Kx\/6S\/7PmnJd6\/3et7u4QvoP2lstP5DVXLiH6qSTC6LSzv6AtvXFGjQwU3CL273b7PntS9f308HKT7J3kstx6ZJNrQYX8m7UIiObVg\/VEW4db70LrT7wAzYeg3q4Yim6N7T3w==\" \/> \t\t<a href=\"https:\/\/www.pdf24.org\" target=\"_blank\" title=\"www.pdf24.org\" rel=\"nofollow\"><img src=\"https:\/\/www.feriadeteatro.com\/catalogociascyl\/wp-content\/plugins\/pdf24-post-to-pdf\/img\/pdf_32x32.png\" alt=\"\" border=\"0\" height=\"32\" \/><\/a> \t\t<span class=\"pdf24Plugin-cp-space\">&nbsp;&nbsp;<\/span> \t\t<span class=\"pdf24Plugin-cp-text\">Enviar art\u00edculo en formato PDF<\/span> \t\t<span class=\"pdf24Plugin-cp-space\">&nbsp;&nbsp;<\/span> \t\t<input class=\"pdf24Plugin-cp-input\" style=\"margin: 0px;\" type=\"text\" name=\"sendEmailTo\" placeholder=\"Correo electr\u00f3nico\" \/> \t\t<input class=\"pdf24Plugin-cp-submit\" style=\"margin: 0px;\" type=\"submit\" value=\"Enviar\" \/> \t<\/form> <\/div>","protected":false},"excerpt":{"rendered":"<p>Desde la Feria de Teatro de Castilla y Le\u00f3n queremos ampliar las herramientas a disposici\u00f3n de los gestores culturales y otros profesionales del sector profesional de las artes esc\u00e9nicas, habilitando este cat\u00e1logo de compa\u00f1\u00edas de Castilla y Le\u00f3n. Este cat\u00e1logo lo integran todas aquellas compa\u00f1\u00edas que as\u00ed lo han deseado y cumplen con unos principios [&hellip;]<\/p>\n","protected":false},"author":1,"featured_media":519,"parent":0,"menu_order":0,"comment_status":"closed","ping_status":"closed","template":"","meta":[],"_links":{"self":[{"href":"https:\/\/www.feriadeteatro.com\/catalogociascyl\/wp-json\/wp\/v2\/pages\/57"}],"collection":[{"href":"https:\/\/www.feriadeteatro.com\/catalogociascyl\/wp-json\/wp\/v2\/pages"}],"about":[{"href":"https:\/\/www.feriadeteatro.com\/catalogociascyl\/wp-json\/wp\/v2\/types\/page"}],"author":[{"embeddable":true,"href":"https:\/\/www.feriadeteatro.com\/catalogociascyl\/wp-json\/wp\/v2\/users\/1"}],"replies":[{"embeddable":true,"href":"https:\/\/www.feriadeteatro.com\/catalogociascyl\/wp-json\/wp\/v2\/comments?post=57"}],"version-history":[{"count":6,"href":"https:\/\/www.feriadeteatro.com\/catalogociascyl\/wp-json\/wp\/v2\/pages\/57\/revisions"}],"predecessor-version":[{"id":523,"href":"https:\/\/www.feriadeteatro.com\/catalogociascyl\/wp-json\/wp\/v2\/pages\/57\/revisions\/523"}],"wp:featuredmedia":[{"embeddable":true,"href":"https:\/\/www.feriadeteatro.com\/catalogociascyl\/wp-json\/wp\/v2\/media\/519"}],"wp:attachment":[{"href":"https:\/\/www.feriadeteatro.com\/catalogociascyl\/wp-json\/wp\/v2\/media?parent=57"}],"curies":[{"name":"wp","href":"https:\/\/api.w.org\/{rel}","templated":true}]}}