{"id":5879,"date":"2021-07-21T20:47:32","date_gmt":"2021-07-21T20:47:32","guid":{"rendered":"https:\/\/www.feriadeteatro.com\/feria2021\/?page_id=5879"},"modified":"2021-07-26T12:10:15","modified_gmt":"2021-07-26T12:10:15","slug":"arawake-titiriscopio","status":"publish","type":"page","link":"https:\/\/www.feriadeteatro.com\/feria2021\/arawake-titiriscopio\/","title":{"rendered":"ARAWAKE Titiriscopio"},"content":{"rendered":"<div class=\"fusion-fullwidth fullwidth-box fusion-builder-row-1 fusion-flex-container nonhundred-percent-fullwidth non-hundred-percent-height-scrolling\" style=\"background-color: rgba(255,255,255,0);background-position: center center;background-repeat: no-repeat;border-width: 0px 0px 0px 0px;border-color:#eae9e9;border-style:solid;\" ><div class=\"fusion-builder-row fusion-row fusion-flex-align-items-flex-start\" style=\"max-width:1216.8px;margin-left: calc(-4% \/ 2 );margin-right: calc(-4% \/ 2 );\"><div class=\"fusion-layout-column fusion_builder_column fusion-builder-column-0 fusion_builder_column_1_1 1_1 fusion-flex-column\"><div class=\"fusion-column-wrapper fusion-flex-justify-content-flex-start fusion-content-layout-column\" style=\"background-position:left top;background-repeat:no-repeat;-webkit-background-size:cover;-moz-background-size:cover;-o-background-size:cover;background-size:cover;padding: 0px 0px 0px 0px;\"><div class=\"fusion-text fusion-text-1\" style=\"transform:translate3d(0,0,0);\"><h2 style=\"text-align: center;\">ARAWAKE<\/h2>\n<\/div><div class=\"fusion-text fusion-text-2\" style=\"transform:translate3d(0,0,0);\"><h3 style=\"text-align: center;\"><strong>Titiriscopio<\/strong><\/h3>\n<\/div><div class=\"fusion-separator fusion-full-width-sep\" style=\"align-self: center;margin-left: auto;margin-right: auto;margin-top:15px;margin-bottom:15px;width:100%;\"><div class=\"fusion-separator-border sep-single sep-solid\" style=\"border-color:#e0dede;border-top-width:1px;\"><\/div><\/div><\/div><\/div><style type=\"text\/css\">.fusion-body .fusion-builder-column-0{width:100% !important;margin-top : 0px;margin-bottom : 0px;}.fusion-builder-column-0 > .fusion-column-wrapper {padding-top : 0px !important;padding-right : 0px !important;margin-right : 1.92%;padding-bottom : 0px !important;padding-left : 0px !important;margin-left : 1.92%;}@media only screen and (max-width:1024px) {.fusion-body .fusion-builder-column-0{width:100% !important;}.fusion-builder-column-0 > .fusion-column-wrapper {margin-right : 1.92%;margin-left : 1.92%;}}@media only screen and (max-width:640px) {.fusion-body .fusion-builder-column-0{width:100% !important;}.fusion-builder-column-0 > .fusion-column-wrapper {margin-right : 1.92%;margin-left : 1.92%;}}<\/style><div class=\"fusion-layout-column fusion_builder_column fusion-builder-column-1 fusion_builder_column_1_2 1_2 fusion-flex-column\"><div class=\"fusion-column-wrapper fusion-flex-justify-content-flex-start fusion-content-layout-column\" style=\"background-position:left top;background-repeat:no-repeat;-webkit-background-size:cover;-moz-background-size:cover;-o-background-size:cover;background-size:cover;background-color:#eaeaea;padding: 30px 30px 30px 30px;\"><div class=\"fusion-text fusion-text-3\" style=\"transform:translate3d(0,0,0);\"><p><strong>D\u00eda:<\/strong> Mi\u00e9rcoles 25 <em><strong>(sesi\u00f3n canalla)<\/strong><\/em><br \/>\n<strong>Lugar:<\/strong> Plaza del Buen Alcalde<br \/>\n<strong>Hora:<\/strong> de 22:00h. a 24:00h. (pases continuados)<\/p>\n<p><strong>D\u00eda:<\/strong> Jueves 26<br \/>\n<strong>Lugar:<\/strong> Plaza del Buen Alcalde<br \/>\n<strong>Hora:<\/strong><br \/>\n<em><strong>(Titiriscopio con \u00abEl Mago\u00bb)<\/strong><\/em><br \/>\nde 19:00h. a 21:00h. (pases continuados)<br \/>\n<em><strong>(sesi\u00f3n canalla)<\/strong><\/em><br \/>\nde 22:00h. a 24:00h. (pases continuados)<\/p>\n<p><strong>D\u00eda:<\/strong> Viernes 27 <em><strong>(Titiriscopio con \u00abEl Mago\u00bb)<\/strong><\/em><br \/>\n<strong>Lugar:<\/strong> Parque de la Florida<br \/>\n<strong>Hora:<\/strong><br \/>\nde 19:00h. a 21:00h. (pases continuados)<\/p>\n<h4><\/h4>\n<h4>DATOS DE CONTACTO:<\/h4>\n<p><strong>Persona de contacto:<\/strong> Jorge da Rocha<br \/>\n<strong>Tel\u00e9fono:<\/strong> <a href=\"tel:+34639164588\">+34 639164588\u00a0 \/\u00a0 <\/a><a href=\"tel:+34947405058\">+34 947405058<\/a><br \/>\n<strong>Direcci\u00f3n postal:<\/strong> Centro de Creaci\u00f3n Esc\u00e9nica LA PARRALA, C\/ Infantas,1 -Burgos<br \/>\n<strong>Email:<\/strong> <a href=\"mailto:jorge@arawake.com\" target=\"_blank\" rel=\"noopener\">jorge@arawake.com<\/a><br \/>\n<strong>P\u00e1gina web:<\/strong> <a href=\"http:\/\/www.arawake.com\" target=\"_blank\" rel=\"noopener\">www.arawake.com\u00a0 \/\/ \u00a0<\/a><a href=\"http:\/\/www.titiriscopio.eu\" target=\"_blank\" rel=\"noopener\">www.titiriscopio.eu<\/a><\/p>\n<\/div><\/div><\/div><style type=\"text\/css\">.fusion-body .fusion-builder-column-1{width:50% !important;margin-top : 0px;margin-bottom : 0px;}.fusion-builder-column-1 > .fusion-column-wrapper {padding-top : 30px !important;padding-right : 30 !important;margin-right : 3.84%;padding-bottom : 30 !important;padding-left : 30 !important;margin-left : 3.84%;}@media only screen and (max-width:1024px) {.fusion-body .fusion-builder-column-1{width:50% !important;}.fusion-builder-column-1 > .fusion-column-wrapper {margin-right : 3.84%;margin-left : 3.84%;}}@media only screen and (max-width:640px) {.fusion-body .fusion-builder-column-1{width:100% !important;}.fusion-builder-column-1 > .fusion-column-wrapper {margin-right : 1.92%;margin-left : 1.92%;}}<\/style><div class=\"fusion-layout-column fusion_builder_column fusion-builder-column-2 fusion_builder_column_1_2 1_2 fusion-flex-column\"><div class=\"fusion-column-wrapper fusion-flex-justify-content-flex-start fusion-content-layout-column\" style=\"background-position:left top;background-repeat:no-repeat;-webkit-background-size:cover;-moz-background-size:cover;-o-background-size:cover;background-size:cover;background-color:#ffffff;padding: 0px 0px 0px 0px;\"><div ><span class=\" fusion-imageframe imageframe-dropshadow imageframe-1 hover-type-zoomin\" style=\"-webkit-box-shadow: 4px 4px 8px rgba(0,0,0,0.3);box-shadow: 4px 4px 8px rgba(0,0,0,0.3);\"><img width=\"2000\" height=\"1335\" title=\"TITIRIS-7\" src=\"https:\/\/www.feriadeteatro.com\/feria2021\/wp-content\/uploads\/2021\/07\/TITIRIS-7.jpg\" class=\"img-responsive wp-image-5880\" srcset=\"https:\/\/www.feriadeteatro.com\/feria2021\/wp-content\/uploads\/2021\/07\/TITIRIS-7-200x134.jpg 200w, https:\/\/www.feriadeteatro.com\/feria2021\/wp-content\/uploads\/2021\/07\/TITIRIS-7-400x267.jpg 400w, https:\/\/www.feriadeteatro.com\/feria2021\/wp-content\/uploads\/2021\/07\/TITIRIS-7-600x401.jpg 600w, https:\/\/www.feriadeteatro.com\/feria2021\/wp-content\/uploads\/2021\/07\/TITIRIS-7-800x534.jpg 800w, https:\/\/www.feriadeteatro.com\/feria2021\/wp-content\/uploads\/2021\/07\/TITIRIS-7-1200x801.jpg 1200w, https:\/\/www.feriadeteatro.com\/feria2021\/wp-content\/uploads\/2021\/07\/TITIRIS-7.jpg 2000w\" sizes=\"(max-width: 640px) 100vw, 600px\" \/><\/span><\/div><\/div><\/div><style type=\"text\/css\">.fusion-body .fusion-builder-column-2{width:50% !important;margin-top : 0px;margin-bottom : 0px;}.fusion-builder-column-2 > .fusion-column-wrapper {padding-top : 0px !important;padding-right : 0px !important;margin-right : 3.84%;padding-bottom : 0px !important;padding-left : 0px !important;margin-left : 3.84%;}@media only screen and (max-width:1024px) {.fusion-body .fusion-builder-column-2{width:50% !important;}.fusion-builder-column-2 > .fusion-column-wrapper {margin-right : 3.84%;margin-left : 3.84%;}}@media only screen and (max-width:640px) {.fusion-body .fusion-builder-column-2{width:100% !important;}.fusion-builder-column-2 > .fusion-column-wrapper {margin-right : 1.92%;margin-left : 1.92%;}}<\/style><div class=\"fusion-layout-column fusion_builder_column fusion-builder-column-3 fusion_builder_column_1_1 1_1 fusion-flex-column\"><div class=\"fusion-column-wrapper fusion-flex-justify-content-flex-start fusion-content-layout-column\" style=\"background-position:left top;background-repeat:no-repeat;-webkit-background-size:cover;-moz-background-size:cover;-o-background-size:cover;background-size:cover;background-color:#ffffff;padding: 30px 30px 30px 30px;\"><div class=\"fusion-text fusion-text-4\" style=\"transform:translate3d(0,0,0);\"><h4>SINOPSIS:<\/h4>\n<p>El Titiriscopio es un teatro a escala que permite acceder a la representaci\u00f3n de t\u00edteres y hologramas a un reducido grupo de espectadores a trav\u00e9s de auriculares, tubos y espejos.<\/p>\n<p>2 espectadores en PLATEA<\/p>\n<p>2 espectadores en ENTRESUELO<\/p>\n<p>2 espectadores en PALCO<\/p>\n<p>1 espectador en PARAISO<\/p>\n<p>1 espectador en 1a FILA<\/p>\n<p>TITIRISCOPIO tambi\u00e9n es&#8230;<\/p>\n<p>&#8230; un dispositivo esc\u00e9nico sin barreras arquitect\u00f3nicas, funcional, inclusivo, diferente.<\/p>\n<p>&#8230; una r\u00e9plica a escala 1:35 del Teatro Principal de Burgos (Espa\u00f1a).<\/p>\n<p>&#8230; un aforo de 8 espectadores a trav\u00e9s de auriculares, tubos y espejos con una perspectiva diferente del escenario desde cada visor, tal y como ocurre en los teatros Isabelinos.<\/p>\n<p>&#8230; un actor dentro de una caja y otro fuera, con el p\u00fablico.<\/p>\n<p>&#8230; un sistema de proyecci\u00f3n de hologramas que conviven con los t\u00edteres f\u00edsicos y generan una nueva forma de espect\u00e1culo del siglo XX1.<\/p>\n<p>REPERTORIOS_<\/p>\n<p>1 &#8211; CANALLA, el repertorio para adultos del Titiriscopio.<\/p>\n<p>Propuesta desvergonzada que provoca hilaridad, asombro, curiosidad y extra\u00f1eza en solo unos minutos. Una experiencia sin censuras, sin reproches, sin tintes pol\u00edticos o \u00e9ticos&#8230;<\/p>\n<p>Para sala, calle, espacios no-convencionales&#8230; Tambi\u00e9n disponibles otros repertorios: para familias, did\u00e1cticos, \u201ca la carta\u201d&#8230;<\/p>\n<p>2- Teatro en Miniatura, pero no por ello teatro menor pues nuestro repertorio SESI\u00d3N DE TARDE es muy completo:<\/p>\n<p>Una fantasmagor\u00eda, un singular mago y un musical cl\u00e1sico.<\/p>\n<p>\u00bfCual dar\u00e1 comienzo en el escenario cuando mires a trav\u00e9s de tu visor?<\/p>\n<\/div><\/div><\/div><style type=\"text\/css\">.fusion-body .fusion-builder-column-3{width:100% !important;margin-top : 0px;margin-bottom : 0px;}.fusion-builder-column-3 > .fusion-column-wrapper {padding-top : 30px !important;padding-right : 30 !important;margin-right : 1.92%;padding-bottom : 30 !important;padding-left : 30 !important;margin-left : 1.92%;}@media only screen and (max-width:1024px) {.fusion-body .fusion-builder-column-3{width:100% !important;}.fusion-builder-column-3 > .fusion-column-wrapper {margin-right : 1.92%;margin-left : 1.92%;}}@media only screen and (max-width:640px) {.fusion-body .fusion-builder-column-3{width:100% !important;}.fusion-builder-column-3 > .fusion-column-wrapper {margin-right : 1.92%;margin-left : 1.92%;}}<\/style><div class=\"fusion-layout-column fusion_builder_column fusion-builder-column-4 fusion_builder_column_1_2 1_2 fusion-flex-column\"><div class=\"fusion-column-wrapper fusion-flex-justify-content-flex-start fusion-content-layout-column\" style=\"background-position:left top;background-repeat:no-repeat;-webkit-background-size:cover;-moz-background-size:cover;-o-background-size:cover;background-size:cover;padding: 30px 0px 0px 0px;\"><div class=\"fusion-video fusion-youtube\" style=\"max-width:600px;max-height:360px;\"><div class=\"video-shortcode\"><iframe title=\"YouTube video player\" src=\"https:\/\/www.youtube.com\/embed\/ZzSr_Go9qzY?wmode=transparent&autoplay=0\" width=\"600\" height=\"360\" allowfullscreen allow=\"autoplay; fullscreen\"><\/iframe><\/div><\/div><\/div><\/div><style type=\"text\/css\">.fusion-body .fusion-builder-column-4{width:50% !important;margin-top : 0px;margin-bottom : 0px;}.fusion-builder-column-4 > .fusion-column-wrapper {padding-top : 30px !important;padding-right : 0px !important;margin-right : 3.84%;padding-bottom : 0px !important;padding-left : 0px !important;margin-left : 3.84%;}@media only screen and (max-width:1024px) {.fusion-body .fusion-builder-column-4{width:50% !important;}.fusion-builder-column-4 > .fusion-column-wrapper {margin-right : 3.84%;margin-left : 3.84%;}}@media only screen and (max-width:640px) {.fusion-body .fusion-builder-column-4{width:100% !important;}.fusion-builder-column-4 > .fusion-column-wrapper {margin-right : 1.92%;margin-left : 1.92%;}}<\/style><div class=\"fusion-layout-column fusion_builder_column fusion-builder-column-5 fusion_builder_column_1_2 1_2 fusion-flex-column\"><div class=\"fusion-column-wrapper fusion-flex-justify-content-flex-start fusion-content-layout-column\" style=\"background-position:left top;background-repeat:no-repeat;-webkit-background-size:cover;-moz-background-size:cover;-o-background-size:cover;background-size:cover;padding: 0px 0px 0px 0px;\"><div class=\"fusion-text fusion-text-5\" style=\"transform:translate3d(0,0,0);\"><h4>FICHA ART\u00cdSTICA:<\/h4>\n<p>&#8211; <strong>Direcci\u00f3n y Dramaturgia:<\/strong> Jorge da Rocha<br \/>\n&#8211; <strong>Visi\u00f3n externa:<\/strong> Chus Guti\u00e9rrez\u2028y Maje Hernando (LAS PITUISTER)<br \/>\n&#8211; <strong>Asesor\u00eda de Interpretaci\u00f3n:<\/strong> Silvia Mart\u00edn Trevi\u00f1o<br \/>\n&#8211; <strong>Desarrollo Anal\u00f3gico y construcci\u00f3n de T\u00edteres y Escenograf\u00eda:<\/strong> F\u00e9lix Mu\u00f1iz \/ MERCUCHO PRODUCCIONES<br \/>\n&#8211; <strong>Construcci\u00f3n:<\/strong> Gabriel Benito\u2028- Dise\u00f1o y Decoraci\u00f3n Exterior: DR CREA<br \/>\n&#8211; <strong>Artes Gr\u00e1ficas para contenido dram\u00e1tico y publicitario:<\/strong> Goyo Rodr\u00edguez GRCREATIVO<br \/>\n&#8211; <strong>\u2028Asesor de Espacio Sonoro:<\/strong> NE\u00d8NYMUS N.1 en ventas en Amazon.es \/ N.1 en<br \/>\niTunes M\u00fasicas del mundo. N.6 en iTunes All Music. (Oct.2013)<\/p>\n<\/div><\/div><\/div><style type=\"text\/css\">.fusion-body .fusion-builder-column-5{width:50% !important;margin-top : 0px;margin-bottom : 0px;}.fusion-builder-column-5 > .fusion-column-wrapper {padding-top : 0px !important;padding-right : 0px !important;margin-right : 3.84%;padding-bottom : 0px !important;padding-left : 0px !important;margin-left : 3.84%;}@media only screen and (max-width:1024px) {.fusion-body .fusion-builder-column-5{width:50% !important;}.fusion-builder-column-5 > .fusion-column-wrapper {margin-right : 3.84%;margin-left : 3.84%;}}@media only screen and (max-width:640px) {.fusion-body .fusion-builder-column-5{width:100% !important;}.fusion-builder-column-5 > .fusion-column-wrapper {margin-right : 1.92%;margin-left : 1.92%;}}<\/style><div class=\"fusion-layout-column fusion_builder_column fusion-builder-column-6 fusion_builder_column_1_1 1_1 fusion-flex-column\"><div class=\"fusion-column-wrapper fusion-flex-justify-content-flex-start fusion-content-layout-column\" style=\"background-position:left top;background-repeat:no-repeat;-webkit-background-size:cover;-moz-background-size:cover;-o-background-size:cover;background-size:cover;padding: 0px 0px 0px 0px;\"><div class=\"fusion-text fusion-text-6\" style=\"transform:translate3d(0,0,0);\"><h5><a href=\"https:\/\/www.feriadeteatro.es\/feria2021\/cuadrante-programacion-2021.htm\">[volver al cuadrante de programaci\u00f3n]<\/a><\/h5>\n<\/div><\/div><\/div><style type=\"text\/css\">.fusion-body .fusion-builder-column-6{width:100% !important;margin-top : 0px;margin-bottom : 0px;}.fusion-builder-column-6 > .fusion-column-wrapper {padding-top : 0px !important;padding-right : 0px !important;margin-right : 1.92%;padding-bottom : 0px !important;padding-left : 0px !important;margin-left : 1.92%;}@media only screen and (max-width:1024px) {.fusion-body .fusion-builder-column-6{width:100% !important;}.fusion-builder-column-6 > .fusion-column-wrapper {margin-right : 1.92%;margin-left : 1.92%;}}@media only screen and (max-width:640px) {.fusion-body .fusion-builder-column-6{width:100% !important;}.fusion-builder-column-6 > .fusion-column-wrapper {margin-right : 1.92%;margin-left : 1.92%;}}<\/style><\/div><style type=\"text\/css\">.fusion-body .fusion-flex-container.fusion-builder-row-1{ padding-top : 0px;margin-top : 0px;padding-right : 0px;padding-bottom : 0px;margin-bottom : 0px;padding-left : 0px;}<\/style><\/div>\n","protected":false},"excerpt":{"rendered":"","protected":false},"author":1,"featured_media":0,"parent":0,"menu_order":0,"comment_status":"closed","ping_status":"closed","template":"","meta":[],"_links":{"self":[{"href":"https:\/\/www.feriadeteatro.com\/feria2021\/wp-json\/wp\/v2\/pages\/5879"}],"collection":[{"href":"https:\/\/www.feriadeteatro.com\/feria2021\/wp-json\/wp\/v2\/pages"}],"about":[{"href":"https:\/\/www.feriadeteatro.com\/feria2021\/wp-json\/wp\/v2\/types\/page"}],"author":[{"embeddable":true,"href":"https:\/\/www.feriadeteatro.com\/feria2021\/wp-json\/wp\/v2\/users\/1"}],"replies":[{"embeddable":true,"href":"https:\/\/www.feriadeteatro.com\/feria2021\/wp-json\/wp\/v2\/comments?post=5879"}],"version-history":[{"count":4,"href":"https:\/\/www.feriadeteatro.com\/feria2021\/wp-json\/wp\/v2\/pages\/5879\/revisions"}],"predecessor-version":[{"id":5899,"href":"https:\/\/www.feriadeteatro.com\/feria2021\/wp-json\/wp\/v2\/pages\/5879\/revisions\/5899"}],"wp:attachment":[{"href":"https:\/\/www.feriadeteatro.com\/feria2021\/wp-json\/wp\/v2\/media?parent=5879"}],"curies":[{"name":"wp","href":"https:\/\/api.w.org\/{rel}","templated":true}]}}