{"id":73,"date":"2017-08-04T09:37:21","date_gmt":"2017-08-04T09:37:21","guid":{"rendered":"http:\/\/feriadeteatro.es\/webmovil\/?page_id=73"},"modified":"2021-04-23T08:37:20","modified_gmt":"2021-04-23T08:37:20","slug":"premios-rosa-maria-garcia-cano","status":"publish","type":"page","link":"https:\/\/www.feriadeteatro.com\/feria2021\/premios-rosa-maria-garcia-cano\/","title":{"rendered":"Premios Rosa Mar\u00eda Garc\u00eda Cano"},"content":{"rendered":"<p><div class=\"fusion-fullwidth fullwidth-box fusion-builder-row-1 fusion-flex-container nonhundred-percent-fullwidth non-hundred-percent-height-scrolling\" style=\"background-color: #dddddd;background-position: center center;background-repeat: no-repeat;border-width: 0px 0px 0px 0px;border-color:#eae9e9;border-style:solid;\" ><div class=\"fusion-builder-row fusion-row fusion-flex-align-items-flex-start\" style=\"max-width:1216.8px;margin-left: calc(-4% \/ 2 );margin-right: calc(-4% \/ 2 );\"><div class=\"fusion-layout-column fusion_builder_column fusion-builder-column-0 fusion_builder_column_1_1 1_1 fusion-flex-column\"><div class=\"fusion-column-wrapper fusion-flex-justify-content-center fusion-content-layout-column\" style=\"background-position:left top;background-repeat:no-repeat;-webkit-background-size:cover;-moz-background-size:cover;-o-background-size:cover;background-size:cover;padding: 0px 0px 0px 0px;\"><style type=\"text\/css\">@media only screen and (max-width:1024px) {.fusion-title.fusion-title-1{margin-top:0px!important;margin-bottom:0px!important;}}<\/style><div class=\"fusion-title title fusion-title-1 fusion-title-text fusion-title-size-three\" style=\"margin-top:0px;margin-bottom:0px;\"><div class=\"title-sep-container title-sep-container-left fusion-no-large-visibility fusion-no-medium-visibility fusion-no-small-visibility\"><div class=\"title-sep sep-single sep-dashed\" style=\"border-color:#f46f72;\"><\/div><\/div><h3 class=\"title-heading-left\" style=\"margin:0;\"><h3>Premios<\/h3><\/h3><div class=\"title-sep-container title-sep-container-right\"><div class=\"title-sep sep-single sep-dashed\" style=\"border-color:#f46f72;\"><\/div><\/div><\/div><\/div><\/div><style type=\"text\/css\">.fusion-body .fusion-builder-column-0{width:100% !important;margin-top : 0px;margin-bottom : 0px;}.fusion-builder-column-0 > .fusion-column-wrapper {padding-top : 0px !important;padding-right : 0px !important;margin-right : 1.92%;padding-bottom : 0px !important;padding-left : 0px !important;margin-left : 1.92%;}@media only screen and (max-width:1024px) {.fusion-body .fusion-builder-column-0{width:100% !important;}.fusion-builder-column-0 > .fusion-column-wrapper {margin-right : 1.92%;margin-left : 1.92%;}}@media only screen and (max-width:640px) {.fusion-body .fusion-builder-column-0{width:100% !important;}.fusion-builder-column-0 > .fusion-column-wrapper {margin-right : 1.92%;margin-left : 1.92%;}}<\/style><div class=\"fusion-layout-column fusion_builder_column fusion-builder-column-1 fusion_builder_column_1_3 1_3 fusion-flex-column\"><div class=\"fusion-column-wrapper fusion-flex-justify-content-center fusion-content-layout-column\" style=\"background-position:left top;background-repeat:no-repeat;-webkit-background-size:cover;-moz-background-size:cover;-o-background-size:cover;background-size:cover;padding: 0px 0px 0px 0px;\"><div style=\"text-align:center;\"><span class=\" fusion-imageframe imageframe-none imageframe-1 hover-type-none\"><a class=\"fusion-no-lightbox\" href=\"https:\/\/www.feriadeteatro.com\/feria2021\/premios-del-publico-de-la-23-feria\/\" target=\"_self\" aria-label=\"botonPremiosPublico\"><img width=\"246\" height=\"246\" src=\"https:\/\/www.feriadeteatro.com\/feria2021\/wp-content\/uploads\/2021\/04\/botonPremiosPublico.jpg\" class=\"img-responsive wp-image-5547\" srcset=\"https:\/\/www.feriadeteatro.com\/feria2021\/wp-content\/uploads\/2021\/04\/botonPremiosPublico-200x200.jpg 200w, https:\/\/www.feriadeteatro.com\/feria2021\/wp-content\/uploads\/2021\/04\/botonPremiosPublico.jpg 246w\" sizes=\"(max-width: 640px) 100vw, 246px\" \/><\/a><\/span><\/div><\/div><\/div><style type=\"text\/css\">.fusion-body .fusion-builder-column-1{width:33.333333333333% !important;margin-top : 0px;margin-bottom : 0px;}.fusion-builder-column-1 > .fusion-column-wrapper {padding-top : 0px !important;padding-right : 0px !important;margin-right : 5.76%;padding-bottom : 0px !important;padding-left : 0px !important;margin-left : 5.76%;}@media only screen and (max-width:1024px) {.fusion-body .fusion-builder-column-1{width:33.333333333333% !important;}.fusion-builder-column-1 > .fusion-column-wrapper {margin-right : 5.76%;margin-left : 5.76%;}}@media only screen and (max-width:640px) {.fusion-body .fusion-builder-column-1{width:100% !important;}.fusion-builder-column-1 > .fusion-column-wrapper {margin-right : 1.92%;margin-left : 1.92%;}}<\/style><div class=\"fusion-layout-column fusion_builder_column fusion-builder-column-2 fusion_builder_column_1_3 1_3 fusion-flex-column\"><div class=\"fusion-column-wrapper fusion-flex-justify-content-center fusion-content-layout-column\" style=\"background-position:left top;background-repeat:no-repeat;-webkit-background-size:cover;-moz-background-size:cover;-o-background-size:cover;background-size:cover;padding: 0px 0px 0px 0px;\"><div style=\"text-align:center;\"><span class=\" fusion-imageframe imageframe-none imageframe-2 hover-type-none\"><a class=\"fusion-no-lightbox\" href=\"https:\/\/www.feriadeteatro.com\/feria2021\/premios-recibidos-por-la-feria\/\" target=\"_self\" aria-label=\"botonPremiosRecibidos\"><img width=\"246\" height=\"246\" src=\"https:\/\/www.feriadeteatro.com\/feria2021\/wp-content\/uploads\/2021\/04\/botonPremiosRecibidos.jpg\" class=\"img-responsive wp-image-5548\" srcset=\"https:\/\/www.feriadeteatro.com\/feria2021\/wp-content\/uploads\/2021\/04\/botonPremiosRecibidos-200x200.jpg 200w, https:\/\/www.feriadeteatro.com\/feria2021\/wp-content\/uploads\/2021\/04\/botonPremiosRecibidos.jpg 246w\" sizes=\"(max-width: 640px) 100vw, 246px\" \/><\/a><\/span><\/div><\/div><\/div><style type=\"text\/css\">.fusion-body .fusion-builder-column-2{width:33.333333333333% !important;margin-top : 0px;margin-bottom : 0px;}.fusion-builder-column-2 > .fusion-column-wrapper {padding-top : 0px !important;padding-right : 0px !important;margin-right : 5.76%;padding-bottom : 0px !important;padding-left : 0px !important;margin-left : 5.76%;}@media only screen and (max-width:1024px) {.fusion-body .fusion-builder-column-2{width:33.333333333333% !important;}.fusion-builder-column-2 > .fusion-column-wrapper {margin-right : 5.76%;margin-left : 5.76%;}}@media only screen and (max-width:640px) {.fusion-body .fusion-builder-column-2{width:100% !important;}.fusion-builder-column-2 > .fusion-column-wrapper {margin-right : 1.92%;margin-left : 1.92%;}}<\/style><div class=\"fusion-layout-column fusion_builder_column fusion-builder-column-3 fusion_builder_column_1_3 1_3 fusion-flex-column\"><div class=\"fusion-column-wrapper fusion-flex-justify-content-center fusion-content-layout-column\" style=\"background-position:left top;background-repeat:no-repeat;-webkit-background-size:cover;-moz-background-size:cover;-o-background-size:cover;background-size:cover;padding: 0px 0px 0px 0px;\"><div style=\"text-align:center;\"><span class=\" fusion-imageframe imageframe-none imageframe-3 hover-type-none\"><a class=\"fusion-no-lightbox\" href=\"https:\/\/www.feriadeteatro.com\/feria2021\/premios-rosa-maria-garcia-cano-convocatoria-2021\/\" target=\"_self\" aria-label=\"botonPremiosRosa\"><img width=\"246\" height=\"246\" src=\"https:\/\/www.feriadeteatro.com\/feria2021\/wp-content\/uploads\/2021\/04\/botonPremiosRosa.jpg\" class=\"img-responsive wp-image-5549\" srcset=\"https:\/\/www.feriadeteatro.com\/feria2021\/wp-content\/uploads\/2021\/04\/botonPremiosRosa-200x200.jpg 200w, https:\/\/www.feriadeteatro.com\/feria2021\/wp-content\/uploads\/2021\/04\/botonPremiosRosa.jpg 246w\" sizes=\"(max-width: 640px) 100vw, 246px\" \/><\/a><\/span><\/div><\/div><\/div><style type=\"text\/css\">.fusion-body .fusion-builder-column-3{width:33.333333333333% !important;margin-top : 0px;margin-bottom : 0px;}.fusion-builder-column-3 > .fusion-column-wrapper {padding-top : 0px !important;padding-right : 0px !important;margin-right : 5.76%;padding-bottom : 0px !important;padding-left : 0px !important;margin-left : 5.76%;}@media only screen and (max-width:1024px) {.fusion-body .fusion-builder-column-3{width:33.333333333333% !important;}.fusion-builder-column-3 > .fusion-column-wrapper {margin-right : 5.76%;margin-left : 5.76%;}}@media only screen and (max-width:640px) {.fusion-body .fusion-builder-column-3{width:100% !important;}.fusion-builder-column-3 > .fusion-column-wrapper {margin-right : 1.92%;margin-left : 1.92%;}}<\/style><\/div><style type=\"text\/css\">.fusion-body .fusion-flex-container.fusion-builder-row-1{ padding-top : 20px;margin-top : -20;padding-right : 10px;padding-bottom : 20px;margin-bottom : 0;padding-left : 10px;}<\/style><\/div><div class=\"fusion-fullwidth fullwidth-box fusion-builder-row-2 fusion-flex-container nonhundred-percent-fullwidth non-hundred-percent-height-scrolling\" style=\"background-color: rgba(255,255,255,0);background-position: center center;background-repeat: no-repeat;border-width: 0px 0px 0px 0px;border-color:#eae9e9;border-style:solid;\" ><div class=\"fusion-builder-row fusion-row fusion-flex-align-items-flex-start\" style=\"max-width:1216.8px;margin-left: calc(-4% \/ 2 );margin-right: calc(-4% \/ 2 );\"><div class=\"fusion-layout-column fusion_builder_column fusion-builder-column-4 fusion_builder_column_1_1 1_1 fusion-flex-column\"><div class=\"fusion-column-wrapper fusion-flex-justify-content-flex-start fusion-content-layout-column\" style=\"background-position:left top;background-repeat:no-repeat;-webkit-background-size:cover;-moz-background-size:cover;-o-background-size:cover;background-size:cover;padding: 0px 0px 0px 0px;\"><div class=\"fusion-separator fusion-full-width-sep\" style=\"align-self: center;margin-left: auto;margin-right: auto;margin-top:20px;margin-bottom:20px;width:100%;\"><\/div><\/div><\/div><style type=\"text\/css\">.fusion-body .fusion-builder-column-4{width:100% !important;margin-top : 0px;margin-bottom : 0px;}.fusion-builder-column-4 > .fusion-column-wrapper {padding-top : 0px !important;padding-right : 0px !important;margin-right : 1.92%;padding-bottom : 0px !important;padding-left : 0px !important;margin-left : 1.92%;}@media only screen and (max-width:1024px) {.fusion-body .fusion-builder-column-4{width:100% !important;order : 0;}.fusion-builder-column-4 > .fusion-column-wrapper {margin-right : 1.92%;margin-left : 1.92%;}}@media only screen and (max-width:640px) {.fusion-body .fusion-builder-column-4{width:100% !important;order : 0;}.fusion-builder-column-4 > .fusion-column-wrapper {margin-right : 1.92%;margin-left : 1.92%;}}<\/style><div class=\"fusion-layout-column fusion_builder_column fusion-builder-column-5 fusion_builder_column_1_1 1_1 fusion-flex-column\"><div class=\"fusion-column-wrapper fusion-flex-justify-content-flex-start fusion-content-layout-column\" style=\"background-position:left top;background-repeat:no-repeat;-webkit-background-size:cover;-moz-background-size:cover;-o-background-size:cover;background-size:cover;padding: 0px 0px 0px 0px;\"><div class=\"fusion-text fusion-text-1\" style=\"transform:translate3d(0,0,0);\"><h2><span style=\"color: #808080;\">Premios Rosa Mar\u00eda Garc\u00eda Cano<\/span><\/h2>\n<h5 style=\"text-align: center;\"><strong>FALLO DEL JURADO DE LA 9\u00ba CONVOCATORIA DE LOS PREMIOS ROSA MAR\u00cdA GARC\u00cdA CANO A INICIATIVAS CULTURALES Y DE DESARROLLO SOCIAL Y ART\u00cdSTICO VINCULADAS A LAS ARTES ESC\u00c9NICAS, DIRIGIDOS A PERSONAS, COLECTIVOS E INSTITUCIONES QUE SE HAYAN DISTINGUIDO POR SU TRABAJO CONTINUADO POR EL FOMENTO, PROMOCI\u00d3N Y DESARROLLO CULTURAL EN ESPA\u00d1A Y PORTUGAL<\/strong><\/h5>\n<h4 style=\"text-align: justify;\">Premio 2020 a iniciativas de programas educativos a la Escuela de Clown Tel\u00f3n de Az\u00facar (Valladolid)<\/h4>\n<hr \/>\n<p style=\"text-align: justify;\">Premio a la Escuela de Clown Tel\u00f3n de Az\u00facar, personalizada en M\u00aa Cruz Garc\u00eda Casado, Chus Aguado Mu\u00f1oz y F\u00e9lix Mu\u00f1iz Roces, por su labor de m\u00e1s de dos d\u00e9cadas formando a profesionales de Castilla y Le\u00f3n en teatro de clown siendo la escuela m\u00e1s veterana en esta disciplina esc\u00e9nica y una de los pocos centros de formaci\u00f3n en clown en nuestra Comunidad. El jurado ha valorado su perseverancia y su trabajo constante, silencioso y abnegado por abrir el teatro del clown a todo tipo de personas. La Escuela de Clown quiere ser un centro de ense\u00f1anza, un lugar de formaci\u00f3n art\u00edstica, de profundizaci\u00f3n en la esencia y la t\u00e9cnica, as\u00ed como un punto de encuentro para el desarrollo de las capacidades expresivas y creativas de cada alumno\/a. La misi\u00f3n de la escuela es proporcionar las herramientas para la b\u00fasqueda del propio Clown, ese que se supone que todos\/as llevamos dentro.<\/p>\n<p style=\"text-align: justify;\">En 1994 nace la Escuela de T\u00e9cnicas Esc\u00e9nicas, de la mano de Cruz Garc\u00eda y Chus Aguado. Cruz es antigua docente de la ESAD de Valladolid y tambi\u00e9n directora de la compa\u00f1\u00eda Tel\u00f3n de Az\u00facar. Chus Aguado tiene formaci\u00f3n de actriz y es tambi\u00e9n pedagoga. Feliz Mu\u00f1iz, actor y pedagogo se incorpora plenamente a la compa\u00f1\u00eda y a la escuela desde sus inicios. Enseguida, adem\u00e1s de las clases de interpretaci\u00f3n actoral surgen con fuerza las clases de Clown por el creciente inter\u00e9s por esta t\u00e9cnica. \u00abLa Escuela de Clown\u00bb, ha querido investigar en la b\u00fasqueda del Clown del siglo XXI, sin perder su esencia cl\u00e1sica. Como ellas dicen \u201cnuestra b\u00fasqueda es sobre el clown de escenario, ponerte una nariz roja no te hace un clown, solo una persona\u201d.<\/p>\n<h4 style=\"text-align: justify;\">Premio 2020 a la gesti\u00f3n cultural en AA.EE (promoci\u00f3n, visibilidad y fomento de la cultura esc\u00e9nica) al Festival Olmedo Cl\u00e1sico. (Olmedo-Valladolid)<\/h4>\n<hr \/>\n<p style=\"text-align: justify;\">Premio al Festival Olmedo Cl\u00e1sico, cuya primera edici\u00f3n se celebr\u00f3 en el a\u00f1o 2006, y que cumplir\u00eda este a\u00f1o 15 ediciones, por su apuesta firme y comprometida por el teatro de los Siglos de Oro espa\u00f1ol, que se ha distinguido por una selecta programaci\u00f3n apostando por una selecci\u00f3n de espect\u00e1culos rigurosa y de gran calidad, pero sin descuidar una importante secci\u00f3n del festival dedicada a la formaci\u00f3n, docencia e investigaci\u00f3n con la organizaci\u00f3n de unas apreciadas Jornadas sobre Teatro Cl\u00e1sico y diferentes cursos sobre interpretaci\u00f3n actoral. En solo 15 a\u00f1os se ha convertido en un festival de referencia nacional y uno de los eventos m\u00e1s relevantes de nuestra Comunidad en la difusi\u00f3n del teatro cl\u00e1sico espa\u00f1ol, asentado como una de las citas imprescindible en el circuito de festivales estivales de nuestro pa\u00eds. Olmedo Cl\u00e1sico est\u00e1 dirigido por Benjam\u00edn Sevilla y Germ\u00e1n Vega.<br \/>\nAdem\u00e1s, este a\u00f1o el jurado ha querido reconocer la influencia del Festival en su entorno, contribuyendo a dinamizar el territorio desde la cultura y promocionar la Villa de Olmedo; as\u00ed como destaca el esfuerzo de sus organizadores este a\u00f1o, pese a que su edici\u00f3n modificada por los condicionantes provocados por el covid-19, finalmente ha tenido que anularse por las dificultades de cumplir de forma sostenible con todas las recomendaciones y obligaciones sociosanitarias. En este sentido, este premio quiere reconocer tambi\u00e9n el esfuerzo de las instituciones y profesionales implicados, que han trabajado de forma denodada por mantener la edici\u00f3n de este a\u00f1o y que sin duda nos traer\u00e1 un festival mucho m\u00e1s fuerte en 2021.<\/p>\n<h4 style=\"text-align: justify;\">Premio 2020 en reconocimiento de programas de artes esc\u00e9nicas ligadas al medio rural a Festival Nacional de Teatro \u201cVegas Bajas\u201d (Puebla de la Calzada-Badajoz)<\/h4>\n<hr \/>\n<p style=\"text-align: justify;\">El Premio a iniciativas destacadas de Artes Esc\u00e9nicas ligadas al medio rural ha reca\u00eddo en el Festival Internacional de Teatro de Vegas Bajas, de Puebla de la Calzada, localidad pacense de apenas seis mil habitantes. Este festival, que se encuentra en el umbral de cumplir 40 ediciones (en 2020 se celebrar\u00e1 su 39 edici\u00f3n), es uno de los eventos culturales m\u00e1s importantes de Extremadura, tal y como reconoce el Observatorio de la Cultura. Este Festival est\u00e1 organizado por las Asociaci\u00f3n Jarancio y por la Asociaci\u00f3n Carazo, y acoge cada oto\u00f1o una cuidada programaci\u00f3n multidisciplinar tanto de drama como de comedia, acogiendo todo tipo de g\u00e9neros y formatos esc\u00e9nicos, pero incidiendo de forma especial en el teatro de texto. El jurado ha valorado la constancia de los organizadores y su perseverancia por hacer llegar una programaci\u00f3n de calidad a poblaciones peque\u00f1as, as\u00ed como la importancia de la implicaci\u00f3n popular de los vecinos y asociaciones de Puebla de la Calzada. Destaca, adem\u00e1s, la humildad y trabajo generoso de sus responsables, as\u00ed como la gran afluencia de p\u00fablico joven al Festival, que cuenta con la implicaci\u00f3n del Ayuntamiento de Puebla de la Calzada y la colaboraci\u00f3n tanto de la Junta de Extremadura como de la Diputaci\u00f3n de Badajoz. Un festival que cuida los detalles, cuida a las compa\u00f1\u00edas y cuida al p\u00fablico, que se ha convertido en toda una referencia en la Comunidad Extreme\u00f1a.<\/p>\n<h4 style=\"text-align: justify;\">La entrega de los premios, como es habitual, se realizar\u00e1 al amparo de la celebraci\u00f3n de la 23\u00aa Feria de Teatro de Castilla y Le\u00f3n\/Ciudad Rodrigo, entre el 25 y el 29 de agosto de 2020.<\/h4>\n<hr \/>\n<p style=\"text-align: justify;\"><img src=\"https:\/\/www.feriadeteatro.es\/feria2017\/cabecerainmemoriam.jpg\" \/><\/p>\n<\/div><\/div><\/div><style type=\"text\/css\">.fusion-body .fusion-builder-column-5{width:100% !important;margin-top : 0px;margin-bottom : 0px;}.fusion-builder-column-5 > .fusion-column-wrapper {padding-top : 0px !important;padding-right : 0px !important;margin-right : 1.92%;padding-bottom : 0px !important;padding-left : 0px !important;margin-left : 1.92%;}@media only screen and (max-width:1024px) {.fusion-body .fusion-builder-column-5{width:100% !important;}.fusion-builder-column-5 > .fusion-column-wrapper {margin-right : 1.92%;margin-left : 1.92%;}}@media only screen and (max-width:640px) {.fusion-body .fusion-builder-column-5{width:100% !important;}.fusion-builder-column-5 > .fusion-column-wrapper {margin-right : 1.92%;margin-left : 1.92%;}}<\/style><\/div><style type=\"text\/css\">.fusion-body .fusion-flex-container.fusion-builder-row-2{ padding-top : 0px;margin-top : 0px;padding-right : 0px;padding-bottom : 0px;margin-bottom : 0px;padding-left : 0px;}<\/style><\/div><div class=\"fusion-fullwidth fullwidth-box fusion-builder-row-3 fusion-flex-container nonhundred-percent-fullwidth non-hundred-percent-height-scrolling\" style=\"background-color: rgba(255,255,255,0);background-position: center center;background-repeat: no-repeat;border-width: 0px 0px 0px 0px;border-color:#eae9e9;border-style:solid;\" ><div class=\"fusion-builder-row fusion-row fusion-flex-align-items-flex-start\" style=\"max-width:1216.8px;margin-left: calc(-4% \/ 2 );margin-right: calc(-4% \/ 2 );\"><div class=\"fusion-layout-column fusion_builder_column fusion-builder-column-6 fusion_builder_column_1_1 1_1 fusion-flex-column\"><div class=\"fusion-column-wrapper fusion-flex-justify-content-flex-start fusion-content-layout-column\" style=\"background-position:left top;background-repeat:no-repeat;-webkit-background-size:cover;-moz-background-size:cover;-o-background-size:cover;background-size:cover;padding: 0px 0px 0px 0px;\"><div class=\"fusion-text fusion-text-2\" style=\"transform:translate3d(0,0,0);\"><p style=\"text-align: center;\"><a href=\"https:\/\/feriadeteatro.com\/feria2019\/premios-rosa-maria-garcia-cano\/\" target=\"_blank\" rel=\"noopener\">Premiados 8\u00aa Convocatoria<\/a><\/p>\n<p style=\"text-align: center;\"><a href=\"https:\/\/www.feriadeteatro.es\/feria2018\/premiosRosa.htm\" target=\"_blank\" rel=\"noopener\">Premiados 7\u00aa Convocatoria<\/a><\/p>\n<p style=\"text-align: center;\"><a href=\"https:\/\/www.feriadeteatro.es\/feria2017\/premiosRosa.htm\" target=\"_blank\" rel=\"noopener\">Premiados 6\u00aa Convocatoria<\/a><\/p>\n<p style=\"text-align: center;\"><a href=\"https:\/\/www.feriadeteatro.es\/feria2016\/premiosRosa.htm\" target=\"_blank\" rel=\"noopener\">Premiados 5\u00aa Convocatoria<\/a><\/p>\n<p style=\"text-align: center;\"><a href=\"https:\/\/www.feriadeteatro.es\/feria2015\/premiosRosa.htm\" target=\"_blank\" rel=\"noopener\">Premiados 4\u00aa Convocatoria<\/a><\/p>\n<p style=\"text-align: center;\"><a href=\"https:\/\/www.feriadeteatro.es\/feria2014\/premiosRosa.htm\" target=\"_blank\" rel=\"noopener\">Premiados 3\u00aa Convocatoria<\/a><\/p>\n<p style=\"text-align: center;\"><a href=\"https:\/\/www.feriadeteatro.es\/feria2013\/premiosRosa.htm\" target=\"_blank\" rel=\"noopener\">Premiados 2\u00aa Convocatoria<\/a><\/p>\n<p style=\"text-align: center;\"><a href=\"https:\/\/www.feriadeteatro.es\/feria2012\/premiosRosa.htm\" target=\"_blank\" rel=\"noopener\">Premiados 1\u00aa Convocatoria<\/a><\/p>\n<\/div><\/div><\/div><style type=\"text\/css\">.fusion-body .fusion-builder-column-6{width:100% !important;margin-top : 0px;margin-bottom : 0px;}.fusion-builder-column-6 > .fusion-column-wrapper {padding-top : 0px !important;padding-right : 0px !important;margin-right : 1.92%;padding-bottom : 0px !important;padding-left : 0px !important;margin-left : 1.92%;}@media only screen and (max-width:1024px) {.fusion-body .fusion-builder-column-6{width:100% !important;}.fusion-builder-column-6 > .fusion-column-wrapper {margin-right : 1.92%;margin-left : 1.92%;}}@media only screen and (max-width:640px) {.fusion-body .fusion-builder-column-6{width:100% !important;}.fusion-builder-column-6 > .fusion-column-wrapper {margin-right : 1.92%;margin-left : 1.92%;}}<\/style><\/div><style type=\"text\/css\">.fusion-body .fusion-flex-container.fusion-builder-row-3{ padding-top : 0px;margin-top : 0px;padding-right : 0px;padding-bottom : 0px;margin-bottom : 0px;padding-left : 0px;}<\/style><\/div><\/p>\n","protected":false},"excerpt":{"rendered":"","protected":false},"author":1,"featured_media":0,"parent":0,"menu_order":0,"comment_status":"closed","ping_status":"closed","template":"","meta":[],"_links":{"self":[{"href":"https:\/\/www.feriadeteatro.com\/feria2021\/wp-json\/wp\/v2\/pages\/73"}],"collection":[{"href":"https:\/\/www.feriadeteatro.com\/feria2021\/wp-json\/wp\/v2\/pages"}],"about":[{"href":"https:\/\/www.feriadeteatro.com\/feria2021\/wp-json\/wp\/v2\/types\/page"}],"author":[{"embeddable":true,"href":"https:\/\/www.feriadeteatro.com\/feria2021\/wp-json\/wp\/v2\/users\/1"}],"replies":[{"embeddable":true,"href":"https:\/\/www.feriadeteatro.com\/feria2021\/wp-json\/wp\/v2\/comments?post=73"}],"version-history":[{"count":6,"href":"https:\/\/www.feriadeteatro.com\/feria2021\/wp-json\/wp\/v2\/pages\/73\/revisions"}],"predecessor-version":[{"id":5557,"href":"https:\/\/www.feriadeteatro.com\/feria2021\/wp-json\/wp\/v2\/pages\/73\/revisions\/5557"}],"wp:attachment":[{"href":"https:\/\/www.feriadeteatro.com\/feria2021\/wp-json\/wp\/v2\/media?parent=73"}],"curies":[{"name":"wp","href":"https:\/\/api.w.org\/{rel}","templated":true}]}}